{"id":964,"date":"2025-02-24T16:50:06","date_gmt":"2025-02-24T15:50:06","guid":{"rendered":"https:\/\/afaps.fr\/?page_id=964"},"modified":"2025-11-08T23:48:13","modified_gmt":"2025-11-08T22:48:13","slug":"presentation-2","status":"publish","type":"page","link":"https:\/\/afaps.fr\/?page_id=964","title":{"rendered":"Pr\u00e9sentation"},"content":{"rendered":"\n<p><strong>L&rsquo;Amicale Franco-Asiatique Paris-Sud<\/strong> est une association de la loi 1901 (Publications au J.O. du 22\/01\/1986 et du 01\/07\/2000) qui regroupe environ 70 familles, en majorit\u00e9 fran\u00e7aises d&rsquo;origines asiatiques. Elle a pour objectif&nbsp;:<\/p>\n<ul>\n<li><strong>l&rsquo;entraide aux personnes les plus d\u00e9munies<\/strong>,<\/li>\n<li><strong>la promotion des activit\u00e9s culturelles et en particulier de la culture asiatique<\/strong><\/li>\n<li><strong>et le d\u00e9veloppement des relations amicales entre membres.<\/strong><\/li>\n<\/ul>\n<p>Pour r\u00e9aliser ces objectifs, l&rsquo;AFAPS organise des <strong>cours de vietnamien<\/strong> pour enfants et adultes tous les samedis, des <strong>conf\u00e9rences-d\u00e9bats<\/strong>, une <strong>F\u00eate du Printemps ou de l\u2019Automne<\/strong> chaque ann\u00e9e et aussi des <strong>galas, sorties, pique-niques<\/strong>.<\/p>\n\n<p>Nous avions organis\u00e9 par exemple des <strong>sorties culturelles<\/strong> \u00e0 Rouen, Chartres, Orl\u00e9ans, Chantilly, Amiens, Reims, Etretat, visite du Pays de Nemours avec croisi\u00e8re fluviale sur le Loing, \u2026 ; et des <strong>grands Spectacles<\/strong> sur l\u2019aspect culturel du Vi\u00eat Nam et des pays d\u2019Asie, par exemple \u00ab l\u2019ASIE 2000 \u00bb en collaboration avec la ville d\u2019Antony ou plus r\u00e9cemment, un grand Spectacle qui a fait salle comble de l\u2019Espace Vasarely \u00e0 Antony, en janvier 2016 \u00e0 l\u2019occasion du Nouvel An vietnamien et du 30\u00e8me anniversaire de l\u2019AFAPS.<\/p>\n\n\n<!--p>Nous avions organis\u00e9&nbsp;:<\/p-->\n<p><img loading=\"lazy\" decoding=\"async\" class=\"size-full wp-image-401 alignleft\" src=\"https:\/\/afaps.fr\/wp-content\/uploads\/2020\/02\/photo_sortie_culturelle-1.png\" alt=\"\" width=\"177\" height=\"117\"><\/p>\n<p>&nbsp;<\/p>\n<p><strong>Une sortie culturelle<\/strong> en octobre 2015 : visite du Pays de Nemours et croisi\u00e8re fluviale sur le Loing,<\/p>\n<p>&nbsp;<\/p>\n<p><img loading=\"lazy\" decoding=\"async\" class=\"size-full wp-image-402 alignright\" src=\"https:\/\/afaps.fr\/wp-content\/uploads\/2020\/02\/grand_spectacle.png\" alt=\"\" width=\"178\" height=\"117\"><\/p>\n<p>&nbsp;<\/p>\n<p><strong>Un grand Spectacle<\/strong> en janvier 2016 qui a fait salle comble \u00e0 l\u2019Espace Vasarely \u00e0 Antony, \u00e0 l\u2019occasion du Nouvel An vietnamien et du 30\u00e8me anniversaire de l\u2019AFAPS,<\/p>\n<p>&nbsp;<\/p>\n<p><img loading=\"lazy\" decoding=\"async\" class=\"size-full wp-image-403 alignleft\" src=\"https:\/\/afaps.fr\/wp-content\/uploads\/2020\/02\/dejeuner_dansant.png\" alt=\"\" width=\"178\" height=\"117\"><\/p>\n<p>&nbsp;<\/p>\n<p><strong>Un d\u00e9jeuner dansant<\/strong> au printemps de chaque ann\u00e9e.<\/p>\n<p>&nbsp;<\/p>\n<p>&nbsp;<\/p>\n\n<p>Depuis sa cr\u00e9ation en janvier 1986,&nbsp; l&rsquo;AFAPS s&rsquo;est fix\u00e9e pour objectif principal d\u2019apporter une aide morale et financi\u00e8re aux personnes les plus d\u00e9munies, notamment au Vi\u00eat Nam.<\/p>\n\n<p>Elle a organis\u00e9, lors des premi\u00e8res ann\u00e9es de sa cr\u00e9ation, de nombreuses manifestations pour aider les \u00ab\u00a0Boat people\u00a0\u00bb dans les camps de r\u00e9fugi\u00e9s, \u00e0 Hong-Kong et en Thailande, puis par la suite, pour aider notamment ceux qui sont venus en France, encore transit\u00e9s dans des centres d&rsquo;accueil.<\/p>\n\n<p>Apr\u00e8s l&rsquo;ouverture du Vi\u00eat Nam des ann\u00e9es 90, l&rsquo;AFAPS vient en aide aux orphelins, aux enfants des rues et aux jeunes de familles tr\u00e8s pauvres, ainsi qu&rsquo;aux personnes \u00e2g\u00e9es seules et sans ressources au Vi\u00eat Nam.<\/p>\n<p><img decoding=\"async\" class=\"size-full wp-image-401\" src=\"https:\/\/afaps.fr\/afaps\/images\/presentation\/presentation1.png\" alt=\"\"><\/p>\n\n\n<p><strong>Actuellement, notre association accorde chaque ann\u00e9e :<\/strong><\/p>\n<p><strong>Au Sud du Vi\u00eat Nam :<\/strong><\/p>\n<ul>\n<li style=\"list-style-type: none;\">\n<ul>\n<li>une <strong>aide r\u00e9guli\u00e8re \u00e0 l\u2019Ecole de Charit\u00e9<\/strong> de T\u00e2n-H\u01b0ng, Q.7, Saigon, cr\u00e9\u00e9e et g\u00e9r\u00e9e par les Fr\u00e8res des \u00e9coles chr\u00e9tiennes De La Salle o\u00f9 <strong>130 enfants des rues<\/strong>, ou <strong>abandonn\u00e9s<\/strong>, ou de parents n\u2019ayant pas de visas pour habiter \u00e0 Saigon, ont \u00e9t\u00e9 re\u00e7us par les Fr\u00e8res des Ecoles chr\u00e9tiennes qui leur donnent une \u00e9ducation et un enseignement g\u00e9n\u00e9ral de la classe 1 (CP) \u00e0 la classe 5 (CM2).<\/li>\n<li>Depuis 2022, nous donnons chaque ann\u00e9e <strong>des bourses scolaires<\/strong> \u00e0 une cinquantaine d\u2019enfants de famille tr\u00e8s pauvres du village lacustre de Tr\u1ecb An, \u0110\u1ed3ng Nai, par l\u2019interm\u00e9diaire des Soeurs de Notre Dame du Calvaire du Vietnam, dont une Communaut\u00e9 est \u00e9galement pr\u00e9sente \u00e0 Bourg la Reine.<\/li>\n<\/ul>\n<\/li>\n<\/ul>\n\n<p><strong>Au Centre du Vi\u00eat Nam :<\/strong><\/p>\n<ul>\n<li style=\"list-style-type: none;\">\n<ul>\n<li>Nous envoyons une <strong>aide r\u00e9guli\u00e8re<\/strong> au Centre \u00abMai \u1ea4m\u00bb \u00e0 Qu\u1ea3ng B\u00ecnh, de la Communaut\u00e9 des religieuses \u00ab Les Amantes de la Croix \u00bb qui a recueilli <strong>120 enfants orphelins dont plusieurs handicap\u00e9s<\/strong>.<\/li>\n<li>Nous avons r\u00e9pondu aussi \u00e0 l\u2019appel d\u2019aide du R.P Nguy\u1ec5n Ng\u1ecdc Nga \u00e0 H\u00e0 T\u0129nh pour l\u2019achat d\u2019une machine pour purifier l\u2019eau et la rendre potable.<\/li>\n<li>Nous donnons des <strong>bourses d\u2019\u00e9tudes<\/strong> aux 40 enfants de 4 \u00e9coles \u00e9l\u00e9mentaires \u00e0 Hu\u1ebf .<\/li>\n<li>Nous donnons aussi des <strong>aides financi\u00e8res<\/strong> aux jeunes enfants malades de familles tr\u00e8s pauvres.<\/li>\n<\/ul>\n<p><img decoding=\"async\" class=\"size-full wp-image-401\" src=\"https:\/\/afaps.fr\/afaps\/images\/presentation\/presentation3.png\" alt=\"\"><\/p>\n<\/li>\n<\/ul>\n\n<p><strong>Au Nord du Vi\u00eat Nam :<\/strong><\/p>\n<ul>\n<li style=\"list-style-type: none;\">\n<ul>\n<li>Nous subventionnons trois <strong>pensionnats<\/strong> pour enfants tr\u00e8s pauvres des minorit\u00e9s ethniques Hmong des r\u00e9gions montagneuses de la province S\u01a1n La, tenus par les soeurs de la Congr\u00e9gation Les Amantes de la Croix de S\u01a1n T\u00e2y.<\/li>\n<li>Nous octroyons \u00e9galement des <strong>bourses d\u2019\u00e9tudes<\/strong> \u00e0 12 enfants de famille tr\u00e8s pauvres, pr\u00e9sent\u00e9es par des religieux connus de l&rsquo;AFAPS.<\/li>\n<\/ul>\n<p><img decoding=\"async\" class=\"size-full wp-image-401\" src=\"https:\/\/afaps.fr\/afaps\/images\/presentation\/enfants_hmong.png\" alt=\"\"><\/p>\n<\/li>\n<\/ul>\n\n<p><strong>Au Cambodge :<\/strong><\/p>\n<ul>\n<li style=\"list-style-type: none;\">\n<ul>\n<li>Nous subventionnons l\u2019Ecole de Charit\u00e9 tenue par les Soeurs et Fr\u00e8res des Ecoles Chr\u00e9tiennes De La Salle, \u00e0 Pouthum village proche de Phnom-Penh, au bord du M\u00e9kong.<\/li>\n<\/ul>\n<\/li>\n<\/ul>\n\n<p>Nous avons \u00e9galement r\u00e9pondu aux demandes d\u2019aides des victimes d\u2019inondations au Viet Nam ces deux derni\u00e8res ann\u00e9es, notamment apr\u00e8s la temp\u00eate Yagi qui a d\u00e9vast\u00e9 de nombreux villages au Nord VN, nous avons envoy\u00e9 6000 euros d\u2019aide via une communaut\u00e9 religieuse qui ont apport\u00e9 des aides directes pour la reconstruction et la nourriture.<\/p>\n\n<p><strong>Ponctuellement<\/strong>, l\u2019AFAPS r\u00e9pond \u00e9galement aux appels d\u2019urgence des ONG internationales comme la Croix-Rouge \u00e0 l\u2019occasion de grands sinistres (inondations, explosions, tremblements de terre, \u2026).<\/p>\n\n<p><strong>Pour nous aider \u00e0 continuer ces actions d\u2019aide aux plus d\u00e9munis, en particulier les enfants des familles tr\u00e8s pauvres, nous faisons appel \u00e0 votre g\u00e9n\u00e9rosit\u00e9.<\/strong><br>\nEtant tous des b\u00e9n\u00e9voles, la totalit\u00e9 de vos dons, ou produits de manifestations, cotisations est consacr\u00e9e \u00e0 la caisse sociale de l\u2019AFAPS.<\/p>\n<p>Soutenez nos actions par votre <strong><a href=\"https:\/\/afaps.fr\/afaps-download\/2025\/Adhe-Dons_2025-2026.pdf\">adh\u00e9sion \u00e0 l&rsquo;Afaps et\/ou envoyez vos dons<\/a><\/strong> (d\u00e9ductibles 66% des imp\u00f4ts) par ch\u00e8que \u00e0 l\u2019ordre de : AFAPS, 65 rue des Marguerites, 92160 Antony<\/strong>. Pour les virements bancaires, merci de nous contacter par email : afaps92@gmail.com.<p>\n\n<p>\n<a href=\"https:\/\/afaps.fr\/?page_id=45#humanitaires-2024\">  \n<img decoding=\"async\" class=\"size-full wp-image-403 alignleft\" src=\"https:\/\/afaps.fr\/afaps\/images\/common\/cliquer_ici_bleu_100x37.png\"><\/a>\npour en savoir d&rsquo;avantage sur les actions humanitaires r\u00e9alis\u00e9es par AFAPS.\n<\/p>\n\n<p><strong>Mille fois Merci !<\/strong><p>\n\n\n\n<p><\/p>\n","protected":false},"excerpt":{"rendered":"<p>L&rsquo;Amicale Franco-Asiatique Paris-Sud est une association de la loi 1901 (Publications au J.O. du 22\/01\/1986 et du 01\/07\/2000) qui regroupe environ 70 familles, en majorit\u00e9 fran\u00e7aises d&rsquo;origines asiatiques. Elle a pour objectif&nbsp;: l&rsquo;entraide aux personnes les plus d\u00e9munies, la promotion des activit\u00e9s culturelles et en particulier de la culture asiatique et le d\u00e9veloppement des relations [&hellip;]<\/p>\n","protected":false},"author":2,"featured_media":0,"parent":0,"menu_order":0,"comment_status":"closed","ping_status":"closed","template":"","meta":{"footnotes":""},"class_list":["post-964","page","type-page","status-publish","hentry"],"_links":{"self":[{"href":"https:\/\/afaps.fr\/index.php?rest_route=\/wp\/v2\/pages\/964","targetHints":{"allow":["GET"]}}],"collection":[{"href":"https:\/\/afaps.fr\/index.php?rest_route=\/wp\/v2\/pages"}],"about":[{"href":"https:\/\/afaps.fr\/index.php?rest_route=\/wp\/v2\/types\/page"}],"author":[{"embeddable":true,"href":"https:\/\/afaps.fr\/index.php?rest_route=\/wp\/v2\/users\/2"}],"replies":[{"embeddable":true,"href":"https:\/\/afaps.fr\/index.php?rest_route=%2Fwp%2Fv2%2Fcomments&post=964"}],"version-history":[{"count":15,"href":"https:\/\/afaps.fr\/index.php?rest_route=\/wp\/v2\/pages\/964\/revisions"}],"predecessor-version":[{"id":1046,"href":"https:\/\/afaps.fr\/index.php?rest_route=\/wp\/v2\/pages\/964\/revisions\/1046"}],"wp:attachment":[{"href":"https:\/\/afaps.fr\/index.php?rest_route=%2Fwp%2Fv2%2Fmedia&parent=964"}],"curies":[{"name":"wp","href":"https:\/\/api.w.org\/{rel}","templated":true}]}}